 57181349.
419, 136471
What are the prime factors of 459761103?
3, 1892021
List the prime factors of 1002865687.
1002865687
What are the prime factors of 26777102?
2, 11, 1217141
What are the prime factors of 905532517?
23, 39370979
List the prime factors of 881487399.
3, 13, 22602241
List the prime factors of 2165490947.
1543, 1403429
What are the prime factors of 1216851982?
2, 1009, 602999
What are the prime factors of 172340630?
2, 5, 7, 11, 41, 53, 103
What are the prime factors of 8890675424?
2, 457, 607951
What are the prime factors of 51306929?
51306929
List the prime factors of 726048197.
7, 19, 5459009
List the prime factors of 6914264388.
2, 3, 19, 30325721
List the prime factors of 22616498.
2, 19, 23, 113, 229
List the prime factors of 761743008.
2, 3, 13, 67819
What are the prime factors of 195893042?
2, 181, 541141
List the prime factors of 42887629.
42887629
What are the prime factors of 381969081?
3, 13, 139, 7829
What are the prime factors of 439913045?
5, 11, 13, 55933
What are the prime factors of 402856233?
3, 13, 53, 194899
List the prime factors of 182490795.
3, 5, 41, 98911
List the prime factors of 752728338.
2, 3, 41818241
List the prime factors of 1432162969.
1432162969
What are the prime factors of 521397445?
5, 104279489
What are the prime factors of 401911849?
457, 879457
List the prime factors of 1119481290.
2, 3, 5, 4146227
What are the prime factors of 714059016?
2, 3, 11, 2704769
List the prime factors of 29833309.
11, 2712119
What are the prime factors of 405755341?
405755341
List the prime factors of 172805057.
19, 103, 88301
List the prime factors of 426322108.
2, 109, 977803
What are the prime factors of 20649528?
2, 3, 59, 4861
List the prime factors of 15247560.
2, 3, 5, 61, 2083
What are the prime factors of 163847462?
2, 17, 31, 155453
What are the prime factors of 53246920?
2, 5, 89, 14957
What are the prime factors of 58096324?
2, 11, 13, 47, 2161
What are the prime factors of 40382293?
7, 17, 439, 773
List the prime factors of 823147370.
2, 5, 113, 229, 3181
List the prime factors of 483437759.
7, 23, 130553
List the prime factors of 75219986.
2, 43, 874651
What are the prime factors of 193126301?
173, 1116337
List the prime factors of 1290260102.
2, 661, 975991
What are the prime factors of 2210221319?
317, 6972307
What are the prime factors of 51872795?
5, 13, 798043
What are the prime factors of 45428600?
2, 5, 7, 37, 877
List the prime factors of 7168209.
3, 2389403
List the prime factors of 107964971.
31, 3482741
What are the prime factors of 1255846339?
11, 337, 338777
What are the prime factors of 113339082?
2, 3, 701, 26947
List the prime factors of 1657827736.
2, 101, 2051767
What are the prime factors of 73004529?
3, 13, 157, 11923
What are the prime factors of 7643943?
3, 89, 3181
List the prime factors of 58835304.
2, 3, 11, 74287
List the prime factors of 61755631.
7, 1260319
List the prime factors of 38324322.
2, 3, 79, 26951
What are the prime factors of 2277172579?
11, 347, 596587
List the prime factors of 298297560.
2, 3, 5, 11, 225983
What are the prime factors of 350433466?
2, 175216733
What are the prime factors of 431353881?
3, 7, 37, 185051
List the prime factors of 5019541391.
19, 47, 5620987
List the prime factors of 1146166835.
5, 11, 20839397
List the prime factors of 27209552.
2, 23, 73939
What are the prime factors of 732132216?
2, 3, 449, 7549
What are the prime factors of 252196297?
252196297
List the prime factors of 3228248970.
2, 3, 5, 29, 503, 2459
List the prime factors of 110346626.
2, 13, 17, 421, 593
List the prime factors of 4018586555.
5, 251, 409, 7829
What are the prime factors of 4397639182?
2, 101, 977, 22283
What are the prime factors of 121502835?
3, 5, 300007
What are the prime factors of 2212130046?
2, 3, 7, 52669763
What are the prime factors of 176074929?
3, 19563881
List the prime factors of 87207752.
2, 1489, 7321
What are the prime factors of 788596262?
2, 23, 1973, 8689
List the prime factors of 145505003.
7, 593, 35053
What are the prime factors of 83896984?
2, 10487123
What are the prime factors of 42553432?
2, 163, 32633
List the prime factors of 23498273.
23498273
What are the prime factors of 8644095352?
2, 5527, 195497
What are the prime factors of 859210881?
3, 67, 257, 16633
What are the prime factors of 29598077?
2207, 13411
List the prime factors of 41148749.
31, 1327379
What are the prime factors of 132443388?
2, 3, 7, 11, 47779
List the prime factors of 286448703.
3, 2791, 34211
What are the prime factors of 3206813057?
7, 458116151
What are the prime factors of 2670473811?
3, 23, 38702519
What are the prime factors of 558657564?
2, 3, 46554797
List the prime factors of 3321246327.
3, 7, 17, 101, 92111
What are the prime factors of 1380821095?
5, 276164219
What are the prime factors of 444178465?
5, 17, 5225629
List the prime factors of 211322740.
2, 5, 773, 13669
List the prime factors of 127139899.
127139899
What are the prime factors of 1496203305?
3, 5, 99746887
What are the prime factors of 514201974?
2, 3, 11, 13, 599303
What are the prime factors of 246926585?
5, 49385317
List the prime factors of 34079935.
5, 47, 145021
What are the prime factors of 20942735?
5, 11, 380777
What are the prime factors of 510549694?
2, 9043, 28229
List the prime factors of 40210306.
2, 1249, 16097
List the prime factors of 109558432.
2, 1801, 1901
What are the prime factors of 4140744875?
5, 33125959
What are the prime factors of 1186527689?
239, 499, 9949
What are the prime factors of 1648078703?
857, 1923079
List the prime factors of 352470447.
3, 7, 621641
What are the prime factors of 40596501?
3, 11, 151, 8147
What are the prime factors of 1276978899?
3, 7, 449, 135431
List the prime factors of 68780069.
1201, 57269
What are the prime factors of 82381233?
3, 11, 2496401
List the prime factors of 5606268858.
2, 3, 19, 3673, 4463
What are the prime factors of 58368538?
2, 29184269
What are the prime factors of 1376959670?
2, 5, 1231, 111857
What are the prime factors of 505578286?
2, 29, 37, 235591
List the prime factors of 78116649.
3, 13, 17, 59, 1997
What are the prime factors of 68230763?
317, 215239
What are the prime factors of 2660833477?
569, 4676333
List the prime factors of 17435751.
3, 5811917
What are the prime factors of 86203743?
3, 28734581
List the prime factors of 53420386.
2, 26710193
What are the prime factors of 67922069?
43, 1579583
List the prime factors of 919887919.
919887919
What are the prime factors of 37849814?
2, 29, 109, 5987
What are the prime factors of 1277829?
3, 7, 6761
What are the prime factors of 315461172?
2, 3, 13, 2022187
What are the prime factors of 373813010?
2, 5, 1123, 33287
What are the prime factors of 339199938?
2, 3, 7, 11, 244733
List the prime factors of 522934934.
2, 1039, 251653
List the prime factors of 212583425.
5, 8503337
What are the prime factors of 3643797939?
3, 31, 39180623
List the prime factors of 150791890.
2, 5, 53, 107, 2659
What are the prime factors of 37756240?
2, 5, 683, 691
List the prime factors of 73184107.
73184107
What are the prime factors of 3307662323?
7, 37, 12770897
List the prime factors of 783393012.
2, 3, 7253639
What are the prime factors of 311546141?
587, 530743
What are the prime factors of 553028463?
3, 13, 29, 389, 419
What are the prime factors of 122286891?
3, 40762297
List the prime factors of 58957133.
19, 31, 199, 503
What are the prime factors of 10276834?
2, 19, 270443
List the prime factors of 3445785974.
2, 29, 173, 343411
What are the prime factors of 137482865?
5, 13, 2115121
List the prime factors of 64094809.
19, 3373411
List the prime factors of 2281838804.
2, 7, 17, 419, 673
List the prime factors of 57983882.
2, 11, 127, 20753
What are the prime factors of 14987242?
2, 7493621
What are the prime factors of 267367608?
2, 3, 1237813
What are the prime factors of 5991469649?
11, 544679059
List the prime factors of 21547741.
21547741
List the prime factors of 434477883.
3, 7, 19, 1088917
List the prime factors of 22162642.
2, 59, 61, 3079
What are the prime factors of 32664291?
3, 11, 989827
List the prime factors of 208325616.
2, 3, 17, 53, 4817
What are the prime factors of 26438872?
2, 3304859
List the prime factors of 16063674.
2, 3,